n. Let z(f) = f**2 - 5*f - 6. What is the tens digit of z(a)?
1
Let s(t) = t**2 - 11*t - 6. Let j be s(-6). What is the units digit of (-75)/(-10)*j/15?
8
Let j(c) be the first derivative of -19*c**2/2 + 5*c + 23. What is the hundreds digit of j(-6)?
1
Let g = 14 - 12. Let i be 3 - g - (-1 - 2). What is the tens digit of (i - 1) + (-18)/(-2)?
1
Suppose -5*i + 173 = -2*p, -5*p - 3*i + 4*i - 467 = 0. What is the units digit of (p/3)/(7/(-67 + 4))?
2
Let t(j) = 454*j - 110. What is the hundreds digit of t(3)?
2
Let f = 174 + 118. What is the units digit of f?
2
Let w(p) = -4*p**3 - 11*p**2 - 7*p - 6. Let b(s) = -2*s**3 - 6*s**2 - 4*s - 3. Let m(v) = 11*b(v) - 6*w(v). What is the tens digit of m(2)?
1
Let p(v) = -v**3 - 18*v**2 + 37*v + 29. What is the tens digit of p(-20)?
8
Let o = 4685 - 1095. What is the hundreds digit of o?
5
Suppose 2*t - m = -16, 0 = -t + 4*m - 0*m - 1. Let b be -22 + t*2/(-6). Let s = b + 54. What is the units digit of s?
5
Suppose 0 = 120*z - 126*z + 10554. What is the tens digit of z?
5
What is the tens digit of (-1 + -1)*(3 - (-674)/(-4))?
3
Suppose 2*w - 70 = -0*w. Let d = w + -7. What is the units digit of d?
8
Let b be (-4)/3*18/(-12). Let x be (-429)/22 + (-3)/(-2). What is the tens digit of b - x - (1 + 1)?
1
What is the tens digit of 3 - 6 - -390 - -5?
9
What is the hundreds digit of 1 + 180 - (18 - (-10 - -35))?
1
Suppose p = -2*p - 2*o + 337, 2*p - 228 = 2*o. What is the units digit of p?
3
Let k(q) = 91*q**2 - 19*q - 9. What is the tens digit of k(-3)?
6
Let q = 101 - 37. Suppose 5*x - q - 16 = 0. What is the units digit of x?
6
Let p(n) = 690*n**3 + n**2 - 45*n + 85. What is the tens digit of p(2)?
1
Let q(m) = -m + 15. Let o be q(9). What is the units digit of ((-309)/o)/1*(1 - 3)?
3
What is the hundreds digit of 11/((-1045)/(-16169)) + 6/(-5)?
1
Suppose 0*m - 252 = -2*m. Suppose -2*t = -2*f + 120, t = -f - f + m. What is the tens digit of f?
6
Suppose -1 = -4*h + 3*h - x, -4*h + 22 = -2*x. Suppose h = -3*a + 4*a. Suppose 2*l + 2*l = a*z - 120, 0 = -4*z + 2*l + 130. What is the tens digit of z?
3
Suppose -4*v + j - 2*j = -4174, -2*v + 3*j + 2080 = 0. What is the units digit of v?
3
Let b be 2/(4 - 28/8). Suppose b*k = 3*v - 94, 3*k + k = -2*v + 36. What is the tens digit of v?
2
Let g = -21 + 22. Let c(x) = -g + 0 + 32*x + 0. What is the units digit of c(1)?
1
Suppose 16944 = 18*f - 2*f. What is the units digit of f?
9
Suppose 0 = 5*w - 3*v - 843, -2*w + 5*v = -0*w - 341. Suppose -5*x - 248 = -3*z - x, 2*x + w = 2*z. Suppose -3*r + 7*r = z. What is the units digit of r?
2
Suppose -5*h + 1361 = 3*m, 4*m + 577 + 257 = 3*h. What is the hundreds digit of h?
2
Let t be (2 + -1)/(-1*2/(-562)). Suppose 111 = 4*a - t. What is the tens digit of a?
9
Suppose 2*q = 6*l - q - 1971, 0 = 2*l - 3*q - 663. What is the tens digit of l?
2
Suppose r - 1732 = -97. What is the tens digit of r?
3
Suppose 4*y = -2*i + 6*i + 8, 2*i + 2*y = -20. What is the units digit of 4/(-3) + (-1040)/i?
2
Let p(y) = 36*y + 35. Let j be p(14). Suppose 0 = -3*z + 2*d + 275 + j, z = -4*d + 276. What is the hundreds digit of z?
2
Suppose 331 + 2219 = 6*i. What is the units digit of i?
5
Suppose -8*b = -20*b. Suppose b = d - 54 - 10. What is the tens digit of d?
6
Suppose -33*i + 1488 = -30*i. Let a = -297 + i. What is the units digit of a?
9
Suppose -26*r + 201 = -23*r. Suppose -r + 604 = 3*g. What is the tens digit of g?
7
Suppose -31*o + 5995 + 949 = 0. What is the tens digit of o?
2
Let i = 61 - 206. Let d = i + 220. Suppose 3*q = -2*q + d. What is the tens digit of q?
1
Let n be ((-4)/(-5))/((-3)/180*-8). What is the units digit of 3/n*38 - 4?
5
Let s = -1385 + 2679. What is the thousands digit of s?
1
Let x = -13 - -22. Let s be x/(-6)*(-30)/9. Suppose -s = g - 15. What is the tens digit of g?
1
Let v = -130 + 288. Let k = v - 84. What is the units digit of k?
4
Let t = -3073 + 5991. What is the tens digit of t?
1
Let p be (-15)/6*(-294)/15. Let c = 82 - p. What is the tens digit of c?
3
Let f(p) = p**3 - 5*p**2 + p. Let n be f(4). Let a = 20 - n. What is the units digit of a?
2
Let j(d) = -4*d**3 - 40 + 15 + 24*d - 8*d**3 - 28*d**2 + 11*d**3. What is the units digit of j(-29)?
0
Suppose 9*t + 11 = 4*t + 3*c, c + 3 = 0. What is the hundreds digit of 186 + (0 - (t - -3))?
1
Let s(i) = -4 + 4 + 36*i + 6*i - 14. Let n be s(6). What is the tens digit of (-1)/(-3) - n/(-6)?
4
Let b(d) = -d**3 + 9*d**2 + 8*d + 1. Let w(v) = -3*v**3 + 19*v**2 + 15*v + 1. Let r(g) = -9*b(g) + 4*w(g). What is the tens digit of r(-4)?
5
Let s(p) = 2*p**2 + 21*p - 2. Let g = -39 - -24. What is the hundreds digit of s(g)?
1
Let s(g) = g**2 + 16*g + 2. Let c be s(-16). Let i = 77 + -42. Let j = i + c. What is the units digit of j?
7
What is the tens digit of 2 + 3 + (23 - 0)?
2
Let j(s) = 2*s - 25. Let c be j(17). Suppose -4*t + 4*b - 68 = -0*t, -3*b + c = -t. What is the tens digit of (t/2)/(15/(-40))?
2
Let o(c) = c - 7. Let p be o(7). Suppose w + p = 1. Let q(f) = 4*f - 1. What is the units digit of q(w)?
3
Let g(f) = -94*f + 2. Let s be g(-1). Suppose 0*l - 4*l = -s. What is the units digit of 8/(-20) + l/10?
2
Let p(i) = -i + 1. Let a be p(-5). Let r(u) = -6 + 10*u + 100*u**2 - 202*u**2 + 101*u**2. What is the tens digit of r(a)?
1
Let o = 4773 + -3399. What is the hundreds digit of o?
3
Let w = 115 - -1670. What is the units digit of w?
5
Suppose 9248 = -15*m + 24623. What is the tens digit of m?
2
What is the tens digit of (-3 - 2) + 13 + 151?
5
Let a(o) = 6*o**2 + 10*o + 1. Let v(u) = -4*u**2 - 7*u - 1. Let c(g) = 5*a(g) + 7*v(g). What is the tens digit of c(-3)?
1
Let a(y) = 125*y - 18. What is the units digit of a(5)?
7
Suppose 2*g - 38 = -2*k, 2*k + 3*k - 97 = -3*g. Suppose -5*p = 5 - k. Suppose p*c - 2*l = 68, -c + 51 = 6*l - l. What is the tens digit of c?
2
Let k(h) be the third derivative of h**5/60 + 5*h**4/24 + h**3 - 3*h**2. Let z be k(-3). Suppose z*o + 2*o - 5*f - 10 = 0, f = 0. What is the units digit of o?
5
Suppose -11730 = -5*f + 2*b, 9356 = 4*f + 3*b + b. What is the tens digit of f?
4
Let p(y) = -y**2 - 16*y - 1. Let x be p(-16). What is the tens digit of 60/30 - (-131 + x/(-1))?
3
Suppose 12*y = -1708 + 6076. Let b = y + -192. What is the hundreds digit of b?
1
Suppose 36 = -2*q - q. Let p(h) = -1. Let c(y) = -y**2 - 12*y - 12. Let u(t) = -c(t) + 2*p(t). What is the units digit of u(q)?
0
Suppose -22 = -4*x - f, -5*x - 3*f = -22 - 9. Suppose -167 = x*z - 47. Let v = -23 - z. What is the units digit of v?
1
Suppose 0 = v - 8*k + 3*k - 1962, 5*v - k = 9762. What is the thousands digit of v?
1
Let t be ((-226)/(-3) - 1)/(3/9). Suppose -t = -5*a + 127. What is the tens digit of a?
7
Let r(g) = g - 2. Let z be (16/(-10))/((-4)/10). Let a be r(z). Suppose 0*m - l = 3*m - 102, 3*l - 75 = -a*m. What is the units digit of m?
3
Let g be 27 + -8 - (0 + 3/1). Let h = -28 + 13. Let c = g + h. What is the units digit of c?
1
Suppose 3*q = -10 - 2, -3*d = -5*q - 29. Suppose 5*m + 165 = 4*h, -5*h + 2*m + 228 = d*m. What is the tens digit of h?
4
Let h = -80 + 41. Let j be (-6)/h + (-4)/26. Suppose 1 - 9 = -r - 3*l, -2*r - l + 11 = j. What is the units digit of r?
5
Let s(b) = 2*b**3 + 32*b**2 - 2*b - 30. What is the tens digit of s(-10)?
9
Let f(l) = l - 12. Let k be f(7). Let h = 19 - k. Suppose 0*u - 3*u = -h. What is the units digit of u?
8
Suppose -46*k - 7555 + 21907 = 0. What is the units digit of k?
2
Let a(d) = -545*d + 267. What is the tens digit of a(-6)?
3
Suppose -16*n + 11500 + 11284 = 0. What is the hundreds digit of n?
4
Let w(f) = 33*f - 306. What is the units digit of w(31)?
7
Let k be -1 - (-83)/1 - 3. Let h = -44 + k. What is the units digit of h?
5
Suppose -2*h + 2195 = -1283. What is the tens digit of h?
3
Let t(l) = -5*l - 6*l - 2*l - 45 + 19*l. What is the tens digit of t(15)?
4
Let a(n) = -n**2 - 15*n + 46. Let g be a(-14). Let s = 26 + g. What is the tens digit of s?
8
Let b = -36 + 55. Let z(g) = -g**2 + 18*g + 22. What is the units digit of z(b)?
3
Suppose -12*x = -9*x - 24. Suppose x*w - 6 = 7*w. What is the units digit of w/(-24) - 170/(-8)?
1
Suppose -3*d = -0*d + 4*v - 1464, -v = -4*d + 1933. Suppose d + 500 = 8*b. What is the units digit of b?
3
Suppose n = -5*h + 4*n + 3, 3*h = 5*n - 11. Suppose 0*y = h*y + 3*f - 15, -3*f - 1